{"id":5806,"date":"2022-02-09T15:27:47","date_gmt":"2022-02-09T14:27:47","guid":{"rendered":"http:\/\/megganelorne.fr\/?page_id=5806"},"modified":"2023-07-12T16:56:49","modified_gmt":"2023-07-12T14:56:49","slug":"catz","status":"publish","type":"page","link":"https:\/\/megganelorne.fr\/?page_id=5806","title":{"rendered":"Cat\u00e9gorie"},"content":{"rendered":"\t\t<div data-elementor-type=\"wp-page\" data-elementor-id=\"5806\" class=\"elementor elementor-5806\">\n\t\t\t\t\t\t\t\t\t<section class=\"elementor-section elementor-top-section elementor-element elementor-element-88fc19a elementor-section-full_width elementor-section-height-default elementor-section-height-default qodef-elementor-content-no\" data-id=\"88fc19a\" data-element_type=\"section\">\n\t\t\t\t\t\t<div class=\"elementor-container elementor-column-gap-default\">\n\t\t\t\t\t<div class=\"elementor-column elementor-col-100 elementor-top-column elementor-element elementor-element-5c42033\" data-id=\"5c42033\" data-element_type=\"column\">\n\t\t\t<div class=\"elementor-widget-wrap elementor-element-populated\">\n\t\t\t\t\t\t\t\t<div class=\"elementor-element elementor-element-7957615 elementor-widget elementor-widget-gesso_core_product_category_list\" data-id=\"7957615\" data-element_type=\"widget\" data-widget_type=\"gesso_core_product_category_list.default\">\n\t\t\t\t<div class=\"elementor-widget-container\">\n\t\t\t<div class=\"qodef-shortcode qodef-m  qodef-woo-shortcode qodef-woo-product-category-list qodef-item-layout--info-on-image qodef-product-category-list-image-zoom qodef-grid qodef-layout--columns  qodef-gutter--tiny qodef-col-num--2 qodef-item-layout--info-on-image qodef-responsive--custom qodef-col-num--1440--2 qodef-col-num--1366--2 qodef-col-num--1024--2 qodef-col-num--768--1 qodef-col-num--680--1 qodef-col-num--480--1\">\n\t<div class=\"qodef-grid-inner clear\">\n\t\t<div class=\"qodef-e qodef-grid-item qodef-item--huge-square product-category product first\">\n\t<div class=\"qodef-e-inner\">\n\t\t<a href=\"https:\/\/megganelorne.fr\/?product_cat=oeuvre-originale\">\n\t\t\t<div class=\"qodef-e-image\">\n\t\t\t\t<img loading=\"lazy\" decoding=\"async\" width=\"1300\" height=\"1300\" src=\"https:\/\/i0.wp.com\/megganelorne.fr\/wp-content\/uploads\/2022\/07\/mockup-paille-canape%CC%81_.png?resize=1300%2C1300&amp;ssl=1\" class=\"attachment-gesso_core_image_size_huge-square size-gesso_core_image_size_huge-square\" alt=\"\" \/>\t\t\t<\/div>\n\t\t\t<h4 class=\"woocommerce-loop-category__title\" >\n\tOEUVRE ORIGINALE<\/h4>\n\t\t<\/a>\n\t<\/div>\n<\/div>\n<div class=\"qodef-e qodef-grid-item qodef-item--huge-square product-category product\">\n\t<div class=\"qodef-e-inner\">\n\t\t<a href=\"https:\/\/megganelorne.fr\/?product_cat=impression\">\n\t\t\t<div class=\"qodef-e-image\">\n\t\t\t\t<img loading=\"lazy\" decoding=\"async\" width=\"1300\" height=\"1244\" src=\"https:\/\/i0.wp.com\/megganelorne.fr\/wp-content\/uploads\/2022\/07\/mockup-femme-africaine-fav.png?resize=1300%2C1244&amp;ssl=1\" class=\"attachment-gesso_core_image_size_huge-square size-gesso_core_image_size_huge-square\" alt=\"\" \/>\t\t\t<\/div>\n\t\t\t<h4 class=\"woocommerce-loop-category__title\" >\n\tIMPRESSION<\/h4>\n\t\t<\/a>\n\t<\/div>\n<\/div>\n\t<\/div>\n<\/div>\n\t\t<\/div>\n\t\t\t\t<\/div>\n\t\t\t\t\t<\/div>\n\t\t<\/div>\n\t\t\t\t\t\t\t<\/div>\n\t\t<\/section>\n\t\t\t\t\t\t\t<\/div>\n\t\t","protected":false},"excerpt":{"rendered":"<p>OEUVRE ORIGINALE IMPRESSION<\/p>\n","protected":false},"author":1,"featured_media":0,"parent":0,"menu_order":0,"comment_status":"closed","ping_status":"closed","template":"","meta":{"footnotes":""},"class_list":["post-5806","page","type-page","status-publish","hentry"],"jetpack-related-posts":[{"id":6231,"url":"https:\/\/megganelorne.fr\/?page_id=6231","url_meta":{"origin":5806,"position":0},"title":"Page d\u2019accueil","author":"MegganeLorne","date":"9 ao\u00fbt 2022","format":false,"excerpt":"Bienvenue dans la boutique R\u00e9diger un bref message de bienvenue ici Faire des achats Achat par cat\u00e9gorie Nouveaut\u00e9s Produits pr\u00e9f\u00e9r\u00e9s de vos clients En promotion Meilleurs produits","rel":"","context":"Article similaire","block_context":{"text":"Article similaire","link":""},"img":{"alt_text":"","src":"","width":0,"height":0},"classes":[]},{"id":1643,"url":"https:\/\/megganelorne.fr\/?page_id=1643","url_meta":{"origin":5806,"position":1},"title":"Art Shop","author":"MegganeLorne","date":"31 ao\u00fbt 2021","format":false,"excerpt":"Raime $774.00 Add to cart Lilian $774.00 Add to cart Marriage Vase $743.00 Add to cart Brash & Bold $784.00 Add to cart The Sea $784.00 Add to cart Categories Uncategorized Magic Loom Karelia Jones Intro Harrow Great Pieces on sale All Style abstract art-deco cubism futurism modern nouvo post-17th\u2026","rel":"","context":"Article similaire","block_context":{"text":"Article similaire","link":""},"img":{"alt_text":"a","src":"https:\/\/i0.wp.com\/gesso.qodeinteractive.com\/wp-content\/uploads\/2021\/09\/sp-img14.jpg?resize=350%2C200&ssl=1","width":350,"height":200,"srcset":"https:\/\/i0.wp.com\/gesso.qodeinteractive.com\/wp-content\/uploads\/2021\/09\/sp-img14.jpg?resize=350%2C200&ssl=1 1x, https:\/\/i0.wp.com\/gesso.qodeinteractive.com\/wp-content\/uploads\/2021\/09\/sp-img14.jpg?resize=525%2C300&ssl=1 1.5x, https:\/\/i0.wp.com\/gesso.qodeinteractive.com\/wp-content\/uploads\/2021\/09\/sp-img14.jpg?resize=700%2C400&ssl=1 2x, https:\/\/i0.wp.com\/gesso.qodeinteractive.com\/wp-content\/uploads\/2021\/09\/sp-img14.jpg?resize=1050%2C600&ssl=1 3x, https:\/\/i0.wp.com\/gesso.qodeinteractive.com\/wp-content\/uploads\/2021\/09\/sp-img14.jpg?resize=1400%2C800&ssl=1 4x"},"classes":[]}],"jetpack_sharing_enabled":true,"_links":{"self":[{"href":"https:\/\/megganelorne.fr\/index.php?rest_route=\/wp\/v2\/pages\/5806","targetHints":{"allow":["GET"]}}],"collection":[{"href":"https:\/\/megganelorne.fr\/index.php?rest_route=\/wp\/v2\/pages"}],"about":[{"href":"https:\/\/megganelorne.fr\/index.php?rest_route=\/wp\/v2\/types\/page"}],"author":[{"embeddable":true,"href":"https:\/\/megganelorne.fr\/index.php?rest_route=\/wp\/v2\/users\/1"}],"replies":[{"embeddable":true,"href":"https:\/\/megganelorne.fr\/index.php?rest_route=%2Fwp%2Fv2%2Fcomments&post=5806"}],"version-history":[{"count":27,"href":"https:\/\/megganelorne.fr\/index.php?rest_route=\/wp\/v2\/pages\/5806\/revisions"}],"predecessor-version":[{"id":6796,"href":"https:\/\/megganelorne.fr\/index.php?rest_route=\/wp\/v2\/pages\/5806\/revisions\/6796"}],"wp:attachment":[{"href":"https:\/\/megganelorne.fr\/index.php?rest_route=%2Fwp%2Fv2%2Fmedia&parent=5806"}],"curies":[{"name":"wp","href":"https:\/\/api.w.org\/{rel}","templated":true}]}}